lculate 62 - (1 + -4) - ((26 - 6) + -9).
54
Evaluate 0 + 3 - 7 - -21 - (-53 - (-56 - -10)).
24
What is -37 + (-27 - -143 - 47)?
32
What is 4 - (-2 + 9) - 6 - (34 - 5 - 5)?
-33
What is the value of -10 + -9 + 86 - (18 - -1)?
48
Evaluate -1 + -29 + -28 + -28 + 48.
-38
Evaluate 0 - -54 - (-459 - -612).
-99
What is (-6 - (-49 - (4 - (-8 + 19 + 2)))) + -8?
26
Evaluate (-43 - -8) + 5 + (96 - 23).
43
What is the value of -23 - (28 - (60 - 33))?
-24
6 - (-13 - 4) - (-1 + 2 + 0 + -3)
25
(-20 - -20) + -48 + 3 - -5
-40
Calculate -5 - ((-1 - -3) + 127 + -118).
-16
Calculate 17 + (24 - 1) + (-116 + 110 - (9 + -2)).
27
Calculate -9 + -119 - (-40 + (-53 - -80)).
-115
Calculate -35 + 84 + -45 - (28 + 2).
-26
(12 - (-9 - -3 - -15) - -6) + (3 - -7)
19
Evaluate 39 + -80 + 38 + -5.
-8
Calculate 78 + (-25 - (79 - 94)).
68
What is 5 - (-80 + (10 - -3 - -4) - (1 + -2))?
67
Calculate -1 - (11 + (-10 - 0) - 4).
2
Evaluate (12 - (-23 + -45 + 33)) + 26.
73
Calculate (-15 - (18 + 83)) + 84.
-32
What is the value of 4 + (-1 - 2) - (-14 + -51 + 40)?
26
Calculate (-578 - -632) + (-6 - -2).
50
94 - 16 - (-119 - -200)
-3
Calculate -1 + (2 - -66) + (-45 + 53 + -50 - -30).
55
Evaluate -4886 - -4876 - (16 + (0 + 1 - 2) - 3).
-22
What is the value of -6 - (-16 + 87 + -78)?
1
Calculate -49 + (34 - (-2 - -9)).
-22
-2 + -3 - (35 + -2 + (97 - 89))
-46
What is (26 + -9 - 30) + 1 + -13?
-25
Calculate (182 - 431) + 281 - (26 + 1).
5
6 - (-5 - 14) - (-169 - -200)
-6
What is the value of (74 - 75 - (2 + (-3 - -55))) + 9?
-46
Calculate (-72 - -153 - 181) + 7 + (4 - 1).
-90
What is -3 + 15 + (12 - 18 - 37 - 2)?
-33
What is the value of (-6097 - -6139) + 25 + -1?
66
-382 + 304 + (-5 - -1) + -9 - 5
-96
Calculate (-3 - 13) + -1 + (2810 - 2897).
-104
(-1293 - -1295) + 1 + 23
26
Calculate 45 - (-7 + -2) - (-7 + (-1 + -5 - -6)).
61
What is the value of -86 - (25 - (9 - 26 - -51))?
-77
Evaluate 27 + -7 + -64 + 19.
-25
What is the value of 0 + -66 - (-2422 + 2403)?
-47
2 - -14 - (5 - (26 - 20))
17
Calculate -40 + 5 + 64 - (3 + -4).
30
What is the value of -1 + 1 + -38 - (98 + -38 + -54)?
-44
What is (-31 - -39) + (33 - 32)?
9
Evaluate (107 - (98 - -28)) + 0 + 66.
47
Evaluate 4 - (-3 - -50) - (-17 + (10 - -20) + -9).
-47
Calculate -15 + (6 + (3 + -4 - -7) - 8).
-11
What is the value of -4 - (5 - 3 - (9 - (-10 - -9)))?
4
What is -8 + 30 - (12 - (5 - 49))?
-34
What is 41 + -18 + -20 + 29?
32
Evaluate 2 + (-3 - -2) + (41 + -55 - (-22 - -13)).
-4
Evaluate (17 - ((21 - -14) + -5)) + (12 - 8) + 115.
106
-1 + 4 + 3 + -20 + 101 + -32
55
-50 + 45 + -10 + (7 - (-2 + 4))
-10
What is the value of 3 + (-12 - (18 + -24))?
-3
-1 + -15 - (-252 - -221) - 57
-42
What is 0 - -3 - (-5 - (-1 - 3)) - (27 - 14)?
-9
Evaluate 58 + (-12 - 8 - (0 - 4)).
42
What is (5 - (-1 - -1)) + 34 + -12 + (68 - 104)?
-9
-73 + 49 - (0 + 3 - 71)
44
What is the value of -16 + (12 - -7 - -24) - 111?
-84
What is the value of -23 + (55 - 72) - -56?
16
Evaluate 79 + -107 + (22 - (8 - 3)).
-11
What is (1 - 0 - -7) + (67 + (46 - 35) - 38)?
48
Calculate (9 - 40 - -76) + -26.
19
What is 16 - (30 + (-34 - -35) - -76)?
-91
What is the value of 9 + -1 + 0 - (-25 - ((-26 - 1) + 18))?
24
(12 - 3) + -15 - (9 - (1 + -19))
-33
(12 + (10 - 17) - (1 - 6)) + -51 + -2
-43
-6 + -6 - (-94 - -173)
-91
Calculate (15 - -6) + (-23 - (-5 - 1)) + 17.
21
Evaluate 7 + 28 + -13 + -48 + -3 + 19.
-10
Evaluate 1 - -52 - (-1321 - -1320).
54
Evaluate 15 - ((-14 - (-8 - -28)) + 1).
48
What is -11 + 22 + 14 + -12 + 18?
31
Evaluate (36 - 0) + (-1619 - -1618) - 136.
-101
What is -36 - -1 - (-401 + 348)?
18
(79 - (93 - 0)) + (-1 - -3)
-12
What is the value of (128 + -143 - (-17 - -6)) + 52 + (1 - 6)?
43
Evaluate -6 + 14 + (-5 - -6 - ((-10 - -2) + 12)).
5
Calculate (-163 - -49) + 61 - -66.
13
(51 - 39) + -19 + -14
-21
Calculate (-3 - (10 + (18 - 22))) + 6.
-3
What is the value of 28 + (4 + 1 + 0 - (-82 + 93))?
22
Calculate (-65 - (1 + -6 - -2)) + 15.
-47
(-7 - -16) + (-251 - -261 - (2 + -3 - 33))
53
Evaluate (1 + 0 - -2 - (-73 - (-16 - 10))) + -11.
39
-59 + (-50 + 22 - -38) - -20
-29
Calculate 16 - ((24 + -34 - -124) + -1 + -2 + -5).
-90
What is the value of 4 + 61 + (-48 - -25) + 18 + -4?
56
Evaluate 11 - (85 - 54) - (0 + -1 + -1 - -9).
-27
What is -42 + 0 - -38 - (-7 + 12 + -1 + -39)?
31
What is (1 - 14) + 4619 + -4625?
-19
What is 4 + -8 + 61 - (-12 + -16 - -17)?
68
What is (-11 - -2 - (-35 - -27) - (-10 - -16)) + 2?
-5
Calculate 9914 + -9772 - (-1 - -57).
86
200 + -185 + (-3 - 29)
-17
Calculate -14 + (42 - (-48 - -67)).
9
What is 39 + -1 + 133 + 10 + -139?
42
-16 - (1 - -2 - (-3 + -7 + 20))
-9
What is (-13 + 31 + -50 - -18) + 1 + -1?
-14
Calculate (-25 - (-10 + -65 - 22)) + (-11 - (4 + -2)).
59
What is 20 + -22 - ((-1 - 1) + 15 + 5)?
-20
What is the value of -8 + 4 + (11 - -12) + -56?
-37
What is the value of (-47 - (-8 + 8)) + (15 - (22 + -7))?
-47
What is the value of ((-17 - -24) + -16 - 3) + -13?
-25
-12 + -1 + (-46 - (-75 - -28)) + -10
-22
12 + -59 + 52 - 14
-9
42 - ((38 - 42) + 79)
-33
5 - -2 - (3 - 5) - (26 - (-25 + -15))
-57
Evaluate 10 + (2 + -26 - (-43 - -33)) + 50.
46
Calculate -4 + (29 - (27 + -17) - 35).
-20
Calculate (-6 - (-6 - -2) - (-6 + -7)) + (-62 - -2).
-49
Calculate 26 - (-8 + (0 - (2 - 25))).
11
Calculate 16 - -7 - (-11 + (6 + -6 - -20)).
14
What is 1 + -10 - (-24 - (14 + -7 + -12))?
10
Calculate 55 + (9 + -1 - (47 + -17 - 17)).
50
What is the value of 81 + (-90 - (3 + -64))?
52
What is -4 + 19 - (11 - -34 - -7)?
-37
Evaluate -33 + -31 + 32 + 18.
-14
Calculate (16 + -26 - -71) + -100.
-39
-2 + (0 - (-15 - (-55 - 3)))
-45
Calculate 2 + -7 + 13 + -32 + 18 - -5.
-1
What is the value of 14 - (-1 + (-6 - (-1 - -2)) - (2153 + -2162))?
13
Calculate -13 - (36 + -36 + 13 + -12 + (-5 - -11)).
-20
Calculate (-16 + (-4 - -23) - -4) + -42.
-35
Calculate 10 + (31 + -12 - (9 - 0) - 6) - -13.
27
What is the value of ((4 + -3 - 2) + -8 - (307 + -345)) + -7?
22
Calculate 67 - (4 - (3 + 17 + -13 - 17)).
53
What is 1 + -9 + (-79 + 121 + -60 - (-2 + 57))?
-81
Evaluate 3 - ((-24 + 14 - (-2 + 2)) + 0 + 36).
-23
What is 2 - ((-20 - (-35 - -2)) + -57)?
46
What is -1 + -9 - (7 + (-17 - (5 + -17 + 5)))?
-7
What is the value of -59 - (73 - 119 - 86)?
73
What is the value of 7 + -34 + 32 + 11 + -54?
-38
Calculate 4 - 25 - (-20 + -17 + 9).
7
What is the value of (-44 - -3) + 1625 + -1618?
-34
What is -5 - (39 - ((-48 - -18) + 23))?
-51
What is the value of (24 - -107) + -45 - 102?
-16
-7 + ((10 - 7) + 18 - 12) + (1 - 13)
-10
What is (31 - (-8 - -36 - -96)) + -41?
-134
Evaluate 52 - ((3 - 8) + (5 - -10) + -13 + 1).
54
Calculate 0 + -13 - (-111 + 42 - -48).
8
Evaluate 12 - (13 - 9) - (75 + -24) - 4.
-47
Evaluate 46 + 2 + -55 - -18.
11
19 + (2 - (70 + -40))
-9
-73 - (49 + (-281 - -66))
93
What is -24 + 36 + -11 - 18?
-17
What is the value of (351 - 457) + 40 + -1?
-67
What is the value of (17 + 33 + -54 - -20) + -51?
-35
Evaluate (-2 + -2 - -8) + (1 - -33 - (-386 + 392)).
32
1 + (56 - 3) + 2 + 2
58
What is 6 + (-4 - 1) - 32 - (5 - (-19 + 30))?
-25
What is 13 - ((-3 - (-8 - -4)) + -11 + -3)?
26
-4 - (-52 + (-37 - -47) + (0 - -3))
35
What is the value of (-76 - -87) + 15 + (-1 - -32)?
57
Calculate (6 - 77) + 41 + 0 + 16.
-14
Calculate -33 - -15 - -12 - 4 - -25 - -5.
20
Evaluate 0 + -6 - -24 - (-326 - -372).
-28
Evaluate -28 - -7 - (-15 - (-28 - -8)) - (-10 + 1).
-17
Calculate 29 + (-25 - (3 - -3 - (-37 - -54))).
15
Evaluate -131 + 76 + 93 + -5 + 1.
34
What is -412 - -414 - ((19 - 1) + (4 - 6) - 1)?
-13
What is the value of 30 - ((9 + -4 + -4 - 3) + -151 + 152)?
31
Calculate 181 - 169 - (-1 - -44).
-31
What is -19 + (6 - 44) + 72?
15
Evaluate (-38 - (2 + 4)) + -6 + 17 + -10.
-43
((11 - 4) + -77 - (9 + -27)) + (-1 - -15)
-38
42 + -57 - (-49 - -1) - -79
112
(72 - 74) + -5 + 0 + (24 - 30)
-13
What is (-9 - (26 + -43)) + -21?
-13
What is the value of (-17 + 43 - -3) + -19 + 4 + 2?
16
What is 43 + (0 - (-14 - 4)) + 2 + -19?
44
Evaluate -1 + (-11 + -2 - -5) - (-125 + 60).
56
Evaluate 241 + -237 - (3 - (1 - 5)).
-3
Evaluate (5 - -1 - (8 + -9)) + (13 - 31).
-11
46 + (-798 - -846) + (-60 - -1)
35
Calculate 5 + 57 + -18 + 27 - 30.
41
What is the value of 11 + (-27 + 69 - 22) + 37?
68
Calculate -42 + 42 + -3 + -3 - -4.
-2
What is (-27 - -4 - -11) + (-10 + 36 - (-2 - -5))?
11
Calculate -260 + -24 + 